{"id":72,"date":"2024-01-09T10:06:58","date_gmt":"2024-01-09T10:06:58","guid":{"rendered":"https:\/\/aloegel.be\/?page_id=72"},"modified":"2024-01-09T10:06:59","modified_gmt":"2024-01-09T10:06:59","slug":"aloe-vera-propolis-creme","status":"publish","type":"page","link":"https:\/\/aloegel.be\/index.php\/aloe-vera-propolis-creme\/","title":{"rendered":"Aloe vera propolis creme &#8211; 99% bio\/natuurlijk"},"content":{"rendered":"\n<p>Aloe vera propolis creme is een fantastisch verzorgende, beschermende en vochtinbrengende alo\u00eb creme met bijen propolis en extracten.<\/p>\n\n\n\n<p>Door maar liefst 80% pure biologisch geteelde voedingskwaliteit verse aloe vera te gebruiken in combinatie met kruidenextracten en bijen propolis een unieke creme.<\/p>\n\n\n\n<p>We hebben deze zeer goed verzorgende creme al meer dan 20 jaar in ons pakket. Vele, vele klanten gebruiken deze creme al jaren.<\/p>\n\n\n\n<figure class=\"wp-block-image size-large\"><img loading=\"lazy\" decoding=\"async\" width=\"1024\" height=\"1024\" src=\"https:\/\/aloegel.be\/wp-content\/uploads\/2024\/01\/aloe-Vera-propolis-bijen-creme-1024x1024.jpg\" alt=\"Aloe vera propolis creme - Ecolife alo\u00eb\" class=\"wp-image-73\" srcset=\"https:\/\/aloegel.be\/wp-content\/uploads\/2024\/01\/aloe-Vera-propolis-bijen-creme-1024x1024.jpg 1024w, https:\/\/aloegel.be\/wp-content\/uploads\/2024\/01\/aloe-Vera-propolis-bijen-creme-300x300.jpg 300w, https:\/\/aloegel.be\/wp-content\/uploads\/2024\/01\/aloe-Vera-propolis-bijen-creme-150x150.jpg 150w, https:\/\/aloegel.be\/wp-content\/uploads\/2024\/01\/aloe-Vera-propolis-bijen-creme-768x768.jpg 768w, https:\/\/aloegel.be\/wp-content\/uploads\/2024\/01\/aloe-Vera-propolis-bijen-creme-1536x1536.jpg 1536w, https:\/\/aloegel.be\/wp-content\/uploads\/2024\/01\/aloe-Vera-propolis-bijen-creme-2048x2048.jpg 2048w, https:\/\/aloegel.be\/wp-content\/uploads\/2024\/01\/aloe-Vera-propolis-bijen-creme-860x860.jpg 860w\" sizes=\"auto, (max-width: 1024px) 100vw, 1024px\" \/><\/figure>\n\n\n\n<h2 class=\"wp-block-heading\">Zeer goed in te zetten als afwisseling bij hormooncr\u00e8me! Gebruik minder hormooncr\u00e8me en zet de aloe-propolis cr\u00e8me in.<\/h2>\n\n\n\n<p>Mag meerdere keren per dag aangebracht worden. Bij huidklachten 3-4 daags een dun laagje aanbrengen.<\/p>\n\n\n\n<h3 class=\"wp-block-heading\">Beschermt uw huid zeer goed tegen weersinvloeden (koude en gure wind).<\/h3>\n\n\n\n<p><strong>Inzet:<\/strong>\u00a0verzorging voor alle huidtypes,\u00a0droge huid tot\u00a0zeer droge huid, beschadigde huid, eczeem, acne, uitslag, open wondjes, kloven, afwashanden, huidinfecties, okselverzorging. Als voedende (nacht) cr\u00e8me, anti-rimpelcr\u00e8me. Bij wondjes, winterhanden, luieruitslag.\u00a0Als balsem na het scheren.\u00a0Bij brandwondjes, zweetplekken, tegen zweetvoetengeur, zeer geschikt product voor pedicures\/manicures!<\/p>\n\n\n\n<h2 class=\"wp-block-heading\">Doordat deze creme niet is verdund met water en gemaakt is met echte planten extracten en bijen propolis is het dan ook een weldaad voor uw huid. Voedt en beschermt de huid.<\/h2>\n\n\n\n<figure class=\"wp-block-image size-full\"><img loading=\"lazy\" decoding=\"async\" width=\"703\" height=\"500\" src=\"https:\/\/aloegel.be\/wp-content\/uploads\/2024\/01\/bijen_propolis_aloe.png\" alt=\"propolis - natuurlijk product van de bij\" class=\"wp-image-74\" srcset=\"https:\/\/aloegel.be\/wp-content\/uploads\/2024\/01\/bijen_propolis_aloe.png 703w, https:\/\/aloegel.be\/wp-content\/uploads\/2024\/01\/bijen_propolis_aloe-300x213.png 300w\" sizes=\"auto, (max-width: 703px) 100vw, 703px\" \/><\/figure>\n\n\n\n<h3 class=\"wp-block-heading\"><strong>Niet alleen voor de probleemhuid. Ook als uitstekende nachtcr\u00e8me!<\/strong><\/h3>\n\n\n\n<p>Alo\u00eb vera als eerste en hoofdingredi\u00ebnt in Ecolife Propolis Hand &amp; Huid cr\u00e8me. Ecolife gebruikt geen alo\u00eb poeder wat in water is opgelost, wel zuivere Food Grade (voedingskwaliteit) aloe vera.<\/p>\n\n\n\n<h2 class=\"wp-block-heading\">Bestel het makkelijk in de webshop <a href=\"https:\/\/www.ecolife-shop.nl\/a-25336016\/aloe-vera-producten\/ecolife-aloe-vera-propolis-creme\/\">1 tube<\/a> of <a href=\"https:\/\/www.ecolife-shop.nl\/a-61374149\/aloe-vera-producten\/2-1-gratis-tube-aloe-vera-propolis-creme\/\">2+1 tube gratis<\/a><\/h2>\n\n\n\n<p>Aan Ecolife alo\u00eb vera met propolis cr\u00e8me bevat is geen water toegevoegd. De cr\u00e8me is gemaakt met 100% vers geperste aloe vera gelei als basis.<\/p>\n","protected":false},"excerpt":{"rendered":"<p>Aloe vera propolis creme is een fantastisch verzorgende, beschermende en vochtinbrengende alo\u00eb creme met bijen propolis en extracten. Door maar liefst 80% pure biologisch geteelde voedingskwaliteit verse aloe vera te gebruiken in combinatie met kruidenextracten en bijen propolis een unieke creme. We hebben deze zeer goed verzorgende creme al meer dan 20 jaar in ons &hellip; <\/p>\n","protected":false},"author":1,"featured_media":0,"parent":0,"menu_order":0,"comment_status":"closed","ping_status":"closed","template":"","meta":{"footnotes":""},"class_list":["post-72","page","type-page","status-publish","hentry"],"yoast_head":"<!-- This site is optimized with the Yoast SEO plugin v27.5 - https:\/\/yoast.com\/product\/yoast-seo-wordpress\/ -->\n<title>Aloe vera propolis creme - 99% bio\/natuurlijk - aloegel<\/title>\n<meta name=\"description\" content=\"Aloe vera propolis creme van Ecolife. Een fantastisch product zonder water toevoeging! Pure alo\u00eb vera met bijen propolis en extracten.\" \/>\n<meta name=\"robots\" content=\"index, follow, max-snippet:-1, max-image-preview:large, max-video-preview:-1\" \/>\n<link rel=\"canonical\" href=\"https:\/\/aloegel.be\/index.php\/aloe-vera-propolis-creme\/\" \/>\n<meta property=\"og:locale\" content=\"nl_NL\" \/>\n<meta property=\"og:type\" content=\"article\" \/>\n<meta property=\"og:title\" content=\"Aloe vera propolis creme - 99% bio\/natuurlijk - aloegel\" \/>\n<meta property=\"og:description\" content=\"Aloe vera propolis creme van Ecolife. Een fantastisch product zonder water toevoeging! Pure alo\u00eb vera met bijen propolis en extracten.\" \/>\n<meta property=\"og:url\" content=\"https:\/\/aloegel.be\/index.php\/aloe-vera-propolis-creme\/\" \/>\n<meta property=\"og:site_name\" content=\"aloegel\" \/>\n<meta property=\"article:modified_time\" content=\"2024-01-09T10:06:59+00:00\" \/>\n<meta property=\"og:image\" content=\"https:\/\/aloegel.be\/wp-content\/uploads\/2024\/01\/aloe-Vera-propolis-bijen-creme-1024x1024.jpg\" \/>\n<meta name=\"twitter:card\" content=\"summary_large_image\" \/>\n<meta name=\"twitter:label1\" content=\"Geschatte leestijd\" \/>\n\t<meta name=\"twitter:data1\" content=\"2 minuten\" \/>\n<script type=\"application\/ld+json\" class=\"yoast-schema-graph\">{\"@context\":\"https:\\\/\\\/schema.org\",\"@graph\":[{\"@type\":\"WebPage\",\"@id\":\"https:\\\/\\\/aloegel.be\\\/index.php\\\/aloe-vera-propolis-creme\\\/\",\"url\":\"https:\\\/\\\/aloegel.be\\\/index.php\\\/aloe-vera-propolis-creme\\\/\",\"name\":\"Aloe vera propolis creme - 99% bio\\\/natuurlijk - aloegel\",\"isPartOf\":{\"@id\":\"https:\\\/\\\/aloegel.be\\\/#website\"},\"primaryImageOfPage\":{\"@id\":\"https:\\\/\\\/aloegel.be\\\/index.php\\\/aloe-vera-propolis-creme\\\/#primaryimage\"},\"image\":{\"@id\":\"https:\\\/\\\/aloegel.be\\\/index.php\\\/aloe-vera-propolis-creme\\\/#primaryimage\"},\"thumbnailUrl\":\"https:\\\/\\\/aloegel.be\\\/wp-content\\\/uploads\\\/2024\\\/01\\\/aloe-Vera-propolis-bijen-creme-1024x1024.jpg\",\"datePublished\":\"2024-01-09T10:06:58+00:00\",\"dateModified\":\"2024-01-09T10:06:59+00:00\",\"description\":\"Aloe vera propolis creme van Ecolife. Een fantastisch product zonder water toevoeging! Pure alo\u00eb vera met bijen propolis en extracten.\",\"breadcrumb\":{\"@id\":\"https:\\\/\\\/aloegel.be\\\/index.php\\\/aloe-vera-propolis-creme\\\/#breadcrumb\"},\"inLanguage\":\"nl-NL\",\"potentialAction\":[{\"@type\":\"ReadAction\",\"target\":[\"https:\\\/\\\/aloegel.be\\\/index.php\\\/aloe-vera-propolis-creme\\\/\"]}]},{\"@type\":\"ImageObject\",\"inLanguage\":\"nl-NL\",\"@id\":\"https:\\\/\\\/aloegel.be\\\/index.php\\\/aloe-vera-propolis-creme\\\/#primaryimage\",\"url\":\"https:\\\/\\\/aloegel.be\\\/wp-content\\\/uploads\\\/2024\\\/01\\\/aloe-Vera-propolis-bijen-creme-scaled.jpg\",\"contentUrl\":\"https:\\\/\\\/aloegel.be\\\/wp-content\\\/uploads\\\/2024\\\/01\\\/aloe-Vera-propolis-bijen-creme-scaled.jpg\",\"width\":2560,\"height\":2560,\"caption\":\"propolis creme - aloe vera\"},{\"@type\":\"BreadcrumbList\",\"@id\":\"https:\\\/\\\/aloegel.be\\\/index.php\\\/aloe-vera-propolis-creme\\\/#breadcrumb\",\"itemListElement\":[{\"@type\":\"ListItem\",\"position\":1,\"name\":\"Home\",\"item\":\"https:\\\/\\\/aloegel.be\\\/\"},{\"@type\":\"ListItem\",\"position\":2,\"name\":\"Aloe vera propolis creme &#8211; 99% bio\\\/natuurlijk\"}]},{\"@type\":\"WebSite\",\"@id\":\"https:\\\/\\\/aloegel.be\\\/#website\",\"url\":\"https:\\\/\\\/aloegel.be\\\/\",\"name\":\"aloegel\",\"description\":\"aloegel puur en zuiver\",\"publisher\":{\"@id\":\"https:\\\/\\\/aloegel.be\\\/#organization\"},\"potentialAction\":[{\"@type\":\"SearchAction\",\"target\":{\"@type\":\"EntryPoint\",\"urlTemplate\":\"https:\\\/\\\/aloegel.be\\\/?s={search_term_string}\"},\"query-input\":{\"@type\":\"PropertyValueSpecification\",\"valueRequired\":true,\"valueName\":\"search_term_string\"}}],\"inLanguage\":\"nl-NL\"},{\"@type\":\"Organization\",\"@id\":\"https:\\\/\\\/aloegel.be\\\/#organization\",\"name\":\"aloegel\",\"url\":\"https:\\\/\\\/aloegel.be\\\/\",\"logo\":{\"@type\":\"ImageObject\",\"inLanguage\":\"nl-NL\",\"@id\":\"https:\\\/\\\/aloegel.be\\\/#\\\/schema\\\/logo\\\/image\\\/\",\"url\":\"https:\\\/\\\/aloegel.be\\\/wp-content\\\/uploads\\\/2024\\\/01\\\/cropped-Ecolife_Logo_Health_Supplies.jpg\",\"contentUrl\":\"https:\\\/\\\/aloegel.be\\\/wp-content\\\/uploads\\\/2024\\\/01\\\/cropped-Ecolife_Logo_Health_Supplies.jpg\",\"width\":500,\"height\":500,\"caption\":\"aloegel\"},\"image\":{\"@id\":\"https:\\\/\\\/aloegel.be\\\/#\\\/schema\\\/logo\\\/image\\\/\"}}]}<\/script>\n<!-- \/ Yoast SEO plugin. -->","yoast_head_json":{"title":"Aloe vera propolis creme - 99% bio\/natuurlijk - aloegel","description":"Aloe vera propolis creme van Ecolife. Een fantastisch product zonder water toevoeging! Pure alo\u00eb vera met bijen propolis en extracten.","robots":{"index":"index","follow":"follow","max-snippet":"max-snippet:-1","max-image-preview":"max-image-preview:large","max-video-preview":"max-video-preview:-1"},"canonical":"https:\/\/aloegel.be\/index.php\/aloe-vera-propolis-creme\/","og_locale":"nl_NL","og_type":"article","og_title":"Aloe vera propolis creme - 99% bio\/natuurlijk - aloegel","og_description":"Aloe vera propolis creme van Ecolife. Een fantastisch product zonder water toevoeging! Pure alo\u00eb vera met bijen propolis en extracten.","og_url":"https:\/\/aloegel.be\/index.php\/aloe-vera-propolis-creme\/","og_site_name":"aloegel","article_modified_time":"2024-01-09T10:06:59+00:00","og_image":[{"url":"https:\/\/aloegel.be\/wp-content\/uploads\/2024\/01\/aloe-Vera-propolis-bijen-creme-1024x1024.jpg","type":"","width":"","height":""}],"twitter_card":"summary_large_image","twitter_misc":{"Geschatte leestijd":"2 minuten"},"schema":{"@context":"https:\/\/schema.org","@graph":[{"@type":"WebPage","@id":"https:\/\/aloegel.be\/index.php\/aloe-vera-propolis-creme\/","url":"https:\/\/aloegel.be\/index.php\/aloe-vera-propolis-creme\/","name":"Aloe vera propolis creme - 99% bio\/natuurlijk - aloegel","isPartOf":{"@id":"https:\/\/aloegel.be\/#website"},"primaryImageOfPage":{"@id":"https:\/\/aloegel.be\/index.php\/aloe-vera-propolis-creme\/#primaryimage"},"image":{"@id":"https:\/\/aloegel.be\/index.php\/aloe-vera-propolis-creme\/#primaryimage"},"thumbnailUrl":"https:\/\/aloegel.be\/wp-content\/uploads\/2024\/01\/aloe-Vera-propolis-bijen-creme-1024x1024.jpg","datePublished":"2024-01-09T10:06:58+00:00","dateModified":"2024-01-09T10:06:59+00:00","description":"Aloe vera propolis creme van Ecolife. Een fantastisch product zonder water toevoeging! Pure alo\u00eb vera met bijen propolis en extracten.","breadcrumb":{"@id":"https:\/\/aloegel.be\/index.php\/aloe-vera-propolis-creme\/#breadcrumb"},"inLanguage":"nl-NL","potentialAction":[{"@type":"ReadAction","target":["https:\/\/aloegel.be\/index.php\/aloe-vera-propolis-creme\/"]}]},{"@type":"ImageObject","inLanguage":"nl-NL","@id":"https:\/\/aloegel.be\/index.php\/aloe-vera-propolis-creme\/#primaryimage","url":"https:\/\/aloegel.be\/wp-content\/uploads\/2024\/01\/aloe-Vera-propolis-bijen-creme-scaled.jpg","contentUrl":"https:\/\/aloegel.be\/wp-content\/uploads\/2024\/01\/aloe-Vera-propolis-bijen-creme-scaled.jpg","width":2560,"height":2560,"caption":"propolis creme - aloe vera"},{"@type":"BreadcrumbList","@id":"https:\/\/aloegel.be\/index.php\/aloe-vera-propolis-creme\/#breadcrumb","itemListElement":[{"@type":"ListItem","position":1,"name":"Home","item":"https:\/\/aloegel.be\/"},{"@type":"ListItem","position":2,"name":"Aloe vera propolis creme &#8211; 99% bio\/natuurlijk"}]},{"@type":"WebSite","@id":"https:\/\/aloegel.be\/#website","url":"https:\/\/aloegel.be\/","name":"aloegel","description":"aloegel puur en zuiver","publisher":{"@id":"https:\/\/aloegel.be\/#organization"},"potentialAction":[{"@type":"SearchAction","target":{"@type":"EntryPoint","urlTemplate":"https:\/\/aloegel.be\/?s={search_term_string}"},"query-input":{"@type":"PropertyValueSpecification","valueRequired":true,"valueName":"search_term_string"}}],"inLanguage":"nl-NL"},{"@type":"Organization","@id":"https:\/\/aloegel.be\/#organization","name":"aloegel","url":"https:\/\/aloegel.be\/","logo":{"@type":"ImageObject","inLanguage":"nl-NL","@id":"https:\/\/aloegel.be\/#\/schema\/logo\/image\/","url":"https:\/\/aloegel.be\/wp-content\/uploads\/2024\/01\/cropped-Ecolife_Logo_Health_Supplies.jpg","contentUrl":"https:\/\/aloegel.be\/wp-content\/uploads\/2024\/01\/cropped-Ecolife_Logo_Health_Supplies.jpg","width":500,"height":500,"caption":"aloegel"},"image":{"@id":"https:\/\/aloegel.be\/#\/schema\/logo\/image\/"}}]}},"_links":{"self":[{"href":"https:\/\/aloegel.be\/index.php\/wp-json\/wp\/v2\/pages\/72","targetHints":{"allow":["GET"]}}],"collection":[{"href":"https:\/\/aloegel.be\/index.php\/wp-json\/wp\/v2\/pages"}],"about":[{"href":"https:\/\/aloegel.be\/index.php\/wp-json\/wp\/v2\/types\/page"}],"author":[{"embeddable":true,"href":"https:\/\/aloegel.be\/index.php\/wp-json\/wp\/v2\/users\/1"}],"replies":[{"embeddable":true,"href":"https:\/\/aloegel.be\/index.php\/wp-json\/wp\/v2\/comments?post=72"}],"version-history":[{"count":1,"href":"https:\/\/aloegel.be\/index.php\/wp-json\/wp\/v2\/pages\/72\/revisions"}],"predecessor-version":[{"id":75,"href":"https:\/\/aloegel.be\/index.php\/wp-json\/wp\/v2\/pages\/72\/revisions\/75"}],"wp:attachment":[{"href":"https:\/\/aloegel.be\/index.php\/wp-json\/wp\/v2\/media?parent=72"}],"curies":[{"name":"wp","href":"https:\/\/api.w.org\/{rel}","templated":true}]}}